{"id":30,"date":"2018-12-19T06:17:45","date_gmt":"2018-12-19T06:17:45","guid":{"rendered":"https:\/\/kanzlei-endingen.de\/blog\/?page_id=30"},"modified":"2021-10-11T10:14:29","modified_gmt":"2021-10-11T08:14:29","slug":"uber-uns","status":"publish","type":"page","link":"https:\/\/kanzlei-endingen.de\/blog\/?page_id=30","title":{"rendered":"\u00dcber uns"},"content":{"rendered":"\n<figure class=\"wp-block-image size-large\"><img loading=\"lazy\" width=\"127\" height=\"200\" src=\"https:\/\/kanzlei-endingen.de\/blog\/wp-content\/uploads\/2021\/01\/Foto9.jpg\" alt=\"\" class=\"wp-image-152\"\/><figcaption>RA Georg Kleine, LL.M.<\/figcaption><\/figure>\n\n\n\n<p><strong>Rechtsanwalt Georg Kleine, LL.M.<\/strong><\/p>\n\n\n\n<p>Geboren 1972 in Gifhorn. Umzug nach Kenzingen 1991. In Endingen seit 2007. Jura-Studium in Konstanz von 1994 bis 1998, dort 1. Staatsexamen. Referendariat in Offenburg<br>2. Staatsexamen 2001. <strong>Fachanwalt f\u00fcr Familienrecht<\/strong><br>Zus\u00e4tzlich habe ich den Titel des LL.M. (Master of Law) an der Fernuni Hagen 2014 erworben.<\/p>\n\n\n\n<p>&#8211; Lehrt\u00e4tigkeit an der Bundesakademie f\u00fcr \u00f6ffentliche Verwaltung <br>&#8211; Mitglied bei GRUR, der Deutschen Vereinigung f\u00fcr gewerblichen Rechtsschutz und Urheberrecht e. V.<br>&#8211; Mitglied bei DACH, der Europ\u00e4ischen Anwaltsvereinigung. Neben Deutsch spreche ich Englisch und Franz\u00f6sisch flie\u00dfend.<\/p>\n\n\n\n<p>Schwerpunkte:<br>&#8211; Familienrecht<br>&#8211; Arbeitsrecht<br>&#8211; Verkehrsrecht <\/p>\n\n\n\n<p><br><\/p>\n\n\n\n<figure class=\"wp-block-image size-large\"><img loading=\"lazy\" width=\"153\" height=\"225\" src=\"https:\/\/kanzlei-endingen.de\/blog\/wp-content\/uploads\/2021\/01\/RAINSK.jpg\" alt=\"\" class=\"wp-image-153\"\/><figcaption>RAin Stella Kleine<\/figcaption><\/figure>\n\n\n\n<p><strong> Rechtsanw\u00e4ltin Stella Kleine<\/strong><\/p>\n\n\n\n<p>geboren 1972 in Kirchheim\/Teck. Jura-Studium in Budapest, Mainz und Heidelberg, dort 1. Staatsexamen. Referendariat in Offenburg, Anwaltsstation in London<br>2. Staatsexamen 2001<br>Zun\u00e4chst Rechtsanw\u00e4ltin in einer Anwaltskanzlei in Achern. Seit 2010 Rechtsanw\u00e4ltin in Endingen am Kaiserstuhl. Seit 2009 auch <strong>Fachanw\u00e4ltin f\u00fcr Bau- und Architektenrecht<\/strong><br>Neben Deutsch spreche ich Ungarisch, Englisch und Franz\u00f6sisch flie\u00dfend.<br><br>Schwerpunkte:<br>&#8211; Privates Bau- und Architektenrecht <br>&#8211; Mietrecht&nbsp;&nbsp;&nbsp;&nbsp;&nbsp;&nbsp;&nbsp;&nbsp;&nbsp;&nbsp;&nbsp;&nbsp;&nbsp; &nbsp;&nbsp; &nbsp;&nbsp;&nbsp;&nbsp;&nbsp;&nbsp;&nbsp;&nbsp;&nbsp;&nbsp;&nbsp;&nbsp;&nbsp;&nbsp;&nbsp;&nbsp;&nbsp;&nbsp;&nbsp;&nbsp;&nbsp;&nbsp;&nbsp;&nbsp;&nbsp;&nbsp;&nbsp;&nbsp;&nbsp;&nbsp;&nbsp;&nbsp;&nbsp;&nbsp;&nbsp;&nbsp;&nbsp;&nbsp;&nbsp;&nbsp;&nbsp;&nbsp;&nbsp;&nbsp;&nbsp;&nbsp;&nbsp;&nbsp;&nbsp;&nbsp;&nbsp;&nbsp;&nbsp;&nbsp;&nbsp;&nbsp;&nbsp;&nbsp;&nbsp;&nbsp;&nbsp;&nbsp;&nbsp;&nbsp;&nbsp;&nbsp;&nbsp;&nbsp;&nbsp;&nbsp;&nbsp;&nbsp;&nbsp; &nbsp; &nbsp; &nbsp; &nbsp; &#8211; Gesellschaftsrecht<br><\/p>\n\n\n\n<p>Erstellt von RA Georg Kleine<br><\/p>\n","protected":false},"excerpt":{"rendered":"<p>Rechtsanwalt Georg Kleine, LL.M. Geboren 1972 in Gifhorn. Umzug nach Kenzingen 1991. In Endingen seit 2007. Jura-Studium in Konstanz von 1994 bis 1998, dort 1. Staatsexamen. Referendariat in Offenburg2. Staatsexamen 2001. Fachanwalt f\u00fcr FamilienrechtZus\u00e4tzlich habe ich den Titel des LL.M. (Master of Law) an der Fernuni Hagen 2014 erworben. &#8211; Lehrt\u00e4tigkeit an der Bundesakademie f\u00fcr [&hellip;]<\/p>\n","protected":false},"author":1,"featured_media":212,"parent":0,"menu_order":0,"comment_status":"closed","ping_status":"closed","template":"","meta":[],"_links":{"self":[{"href":"https:\/\/kanzlei-endingen.de\/blog\/index.php?rest_route=\/wp\/v2\/pages\/30"}],"collection":[{"href":"https:\/\/kanzlei-endingen.de\/blog\/index.php?rest_route=\/wp\/v2\/pages"}],"about":[{"href":"https:\/\/kanzlei-endingen.de\/blog\/index.php?rest_route=\/wp\/v2\/types\/page"}],"author":[{"embeddable":true,"href":"https:\/\/kanzlei-endingen.de\/blog\/index.php?rest_route=\/wp\/v2\/users\/1"}],"replies":[{"embeddable":true,"href":"https:\/\/kanzlei-endingen.de\/blog\/index.php?rest_route=%2Fwp%2Fv2%2Fcomments&post=30"}],"version-history":[{"count":4,"href":"https:\/\/kanzlei-endingen.de\/blog\/index.php?rest_route=\/wp\/v2\/pages\/30\/revisions"}],"predecessor-version":[{"id":217,"href":"https:\/\/kanzlei-endingen.de\/blog\/index.php?rest_route=\/wp\/v2\/pages\/30\/revisions\/217"}],"wp:featuredmedia":[{"embeddable":true,"href":"https:\/\/kanzlei-endingen.de\/blog\/index.php?rest_route=\/wp\/v2\/media\/212"}],"wp:attachment":[{"href":"https:\/\/kanzlei-endingen.de\/blog\/index.php?rest_route=%2Fwp%2Fv2%2Fmedia&parent=30"}],"curies":[{"name":"wp","href":"https:\/\/api.w.org\/{rel}","templated":true}]}}

Über uns

<figure class="wp-block-image size-large"><img loading="lazy" width="127" height="200" src="https://kanzlei-endingen.de/blog/wp-content/uploads/2021/01/Foto9.jpg" alt="" class="wp-image-152"/><figcaption>RA Georg Kleine, LL.M.</figcaption></figure>



<p><strong>Rechtsanwalt Georg Kleine, LL.M.</strong></p>



<p>Geboren 1972 in Gifhorn. Umzug nach Kenzingen 1991. In Endingen seit 2007. Jura-Studium in Konstanz von 1994 bis 1998, dort 1. Staatsexamen. Referendariat in Offenburg<br>2. Staatsexamen 2001. <strong>Fachanwalt für Familienrecht</strong><br>Zusätzlich habe ich den Titel des LL.M. (Master of Law) an der Fernuni Hagen 2014 erworben.</p>



<p>&#8211; Lehrtätigkeit an der Bundesakademie für öffentliche Verwaltung <br>&#8211; Mitglied bei GRUR, der Deutschen Vereinigung für gewerblichen Rechtsschutz und Urheberrecht e. V.<br>&#8211; Mitglied bei DACH, der Europäischen Anwaltsvereinigung. Neben Deutsch spreche ich Englisch und Französisch fließend.</p>



<p>Schwerpunkte:<br>&#8211; Familienrecht<br>&#8211; Arbeitsrecht<br>&#8211; Verkehrsrecht </p>



<p><br></p>



<figure class="wp-block-image size-large"><img loading="lazy" width="153" height="225" src="https://kanzlei-endingen.de/blog/wp-content/uploads/2021/01/RAINSK.jpg" alt="" class="wp-image-153"/><figcaption>RAin Stella Kleine</figcaption></figure>



<p><strong> Rechtsanwältin Stella Kleine</strong></p>



<p>geboren 1972 in Kirchheim/Teck. Jura-Studium in Budapest, Mainz und Heidelberg, dort 1. Staatsexamen. Referendariat in Offenburg, Anwaltsstation in London<br>2. Staatsexamen 2001<br>Zunächst Rechtsanwältin in einer Anwaltskanzlei in Achern. Seit 2010 Rechtsanwältin in Endingen am Kaiserstuhl. Seit 2009 auch <strong>Fachanwältin für Bau- und Architektenrecht</strong><br>Neben Deutsch spreche ich Ungarisch, Englisch und Französisch fließend.<br><br>Schwerpunkte:<br>&#8211; Privates Bau- und Architektenrecht <br>&#8211; Mietrecht&nbsp;&nbsp;&nbsp;&nbsp;&nbsp;&nbsp;&nbsp;&nbsp;&nbsp;&nbsp;&nbsp;&nbsp;&nbsp; &nbsp;&nbsp; &nbsp;&nbsp;&nbsp;&nbsp;&nbsp;&nbsp;&nbsp;&nbsp;&nbsp;&nbsp;&nbsp;&nbsp;&nbsp;&nbsp;&nbsp;&nbsp;&nbsp;&nbsp;&nbsp;&nbsp;&nbsp;&nbsp;&nbsp;&nbsp;&nbsp;&nbsp;&nbsp;&nbsp;&nbsp;&nbsp;&nbsp;&nbsp;&nbsp;&nbsp;&nbsp;&nbsp;&nbsp;&nbsp;&nbsp;&nbsp;&nbsp;&nbsp;&nbsp;&nbsp;&nbsp;&nbsp;&nbsp;&nbsp;&nbsp;&nbsp;&nbsp;&nbsp;&nbsp;&nbsp;&nbsp;&nbsp;&nbsp;&nbsp;&nbsp;&nbsp;&nbsp;&nbsp;&nbsp;&nbsp;&nbsp;&nbsp;&nbsp;&nbsp;&nbsp;&nbsp;&nbsp;&nbsp;&nbsp; &nbsp; &nbsp; &nbsp; &nbsp; &#8211; Gesellschaftsrecht<br></p>



<p>Erstellt von RA Georg Kleine<br></p>

<p>Rechtsanwalt Georg Kleine, LL.M. Geboren 1972 in Gifhorn. Umzug nach Kenzingen 1991. In Endingen seit 2007. Jura-Studium in Konstanz von 1994 bis 1998, dort 1. Staatsexamen. Referendariat in Offenburg2. Staatsexamen 2001. Fachanwalt für FamilienrechtZusätzlich habe ich den Titel des LL.M. (Master of Law) an der Fernuni Hagen 2014 erworben. &#8211; Lehrtätigkeit an der Bundesakademie für [&hellip;]</p>
